4/12 - 5*r**3/6 + 2*r**2 + r. Let d(q) = 5*q**2 - 2*q. Let s be d(-1). What is the units digit of z(s)?
8
Let j(b) = b. Let z(n) = -n**2 + 8*n - 10. Let m(r) = 2*j(r) - z(r). Let w be m(10). Suppose -3*l = -w + 2. What is the units digit of l?
6
Let y(s) = 52*s**2 - 44*s - 29. What is the thousands digit of y(-6)?
2
Suppose 1 = j + 4. Let r be 3/j*-1*1. Suppose 8 = l + r. What is the units digit of l?
7
Suppose 3*y - 1181 = 124. What is the hundreds digit of y?
4
Suppose -n - 413 = 3*a - 6*a, -280 = -2*a - 4*n. Let d = 7 + a. What is the tens digit of d?
4
Suppose -3*u + 624 = u. Let y = -243 + u. Let o = 131 + y. What is the tens digit of o?
4
Let k(n) = n + 410. Let f be k(0). Suppose -5*x = -0*x - f. What is the units digit of x?
2
Suppose -4*o - 340 = -2*h - 2*o, -3*h + o = -514. Suppose 55 = -3*y + h. What is the units digit of y?
9
Suppose -p + 10 = 12. Let f(o) = -o + 1. Let k be f(p). Suppose -28 = -2*l - 2*l - 2*h, k*l - 5*h = 47. What is the units digit of l?
9
Suppose 3*w - 450 = 198. What is the hundreds digit of w?
2
Let d = 135 - 55. Suppose 2*y - 62 = -3*c, y - 29 + 25 = 0. Let x = d - c. What is the tens digit of x?
6
Suppose -4*y = -2*y - 62. Let l(c) = -c**2 + 19*c + 25. Let f be l(20). Suppose -69 = -f*j + y. What is the tens digit of j?
2
Let t = 1871 - -851. What is the tens digit of t?
2
Let h = 15 + -12. Suppose 0*g - h*g = -15. Suppose 0 = -g*q + q + 28. What is the units digit of q?
7
What is the units digit of ((-63)/(-6))/7*334?
1
Let p be 529 - (-2 - -3)*-2. Let h = p + -268. What is the units digit of h?
3
What is the units digit of (4/6)/(8 - 7480/936)?
8
Let n(k) = -k**2 + 2. Let u = -4 + 4. Let h be n(u). Suppose h*o - 47 = -4*j + 7, -3*o - 4*j + 77 = 0. What is the units digit of o?
3
Suppose -791*i + 790*i = -2051. What is the tens digit of i?
5
Let g = -5 - -7. Suppose -a + 5*m + 3 = -g, 0 = 4*a + 5*m - 45. What is the units digit of a?
0
Suppose 4 + 216 = 3*r + 4*h, 4*h + 212 = 3*r. What is the tens digit of r?
7
Let w(j) = 7*j**2 + 6*j - 74. What is the units digit of w(8)?
2
Suppose v = 4*v + c - 2473, -2*c + 831 = v. What is the hundreds digit of v?
8
Suppose 145 = 8*u - 3*u. Suppose r - u = 2*x + 118, -2*x = 6. What is the tens digit of r?
4
Let w be (3/6)/(1/2)*5. Suppose -3*u = -3*s + 141, 0 = -4*s - 3*u + w*u + 184. What is the tens digit of s?
4
Let a = 34 - 31. Let g = 267 - a. What is the units digit of g?
4
Let l(n) = -n**3 - 7*n**2 + 5*n + 2. Let z(c) = 6*c + 9. Let y be z(-3). Let k be l(y). What is the tens digit of (-1)/(-5) - k/(-5)?
2
Suppose -5*s - 4*h + 0*h = -652, 0 = -3*h + 9. Let t = 254 - s. What is the hundreds digit of t?
1
Let b(l) = l**3 + 4*l**2 - 4*l + 3. Let h(v) = v**2. Let r(f) = -b(f) + 5*h(f). What is the tens digit of r(-3)?
2
Suppose 2*j - 6*y - 6526 = -10*y, 3*j - 2*y - 9765 = 0. What is the thousands digit of j?
3
Suppose 0 = -v + 1 - 20. Let t = 45 + v. What is the units digit of t?
6
Let z(q) be the first derivative of -19*q**2/2 - 25*q - 7. What is the units digit of z(-6)?
9
Suppose 4*b + 20 = 5*w, -2*w + 2*b = 7*b - 8. Suppose -410 = -w*s + 2*z, -506 = -3*s - 2*s - 4*z. What is the tens digit of s?
0
What is the tens digit of 4734/(-3)*-4*4/32?
8
Let z = -5091 + 9993. What is the units digit of z?
2
Let c(h) = -9*h - 60. Let j be c(-24). Suppose 2*f = f - 3*w + 73, -2*f = 4*w - j. What is the units digit of f?
8
Let c(h) = -h**3 + 14*h**2 - 3*h + 4. Let q be c(14). Suppose 3*g - 4*g = -14. What is the units digit of (q - g)*(-1)/2?
6
Let b be (-3)/1 + 19/((-76)/1320). What is the hundreds digit of b/(-6)*4 - -2?
2
Let f = 9 + -7. Suppose 2*p = -m + 4, -4*m + 0*p = -f*p - 6. Suppose 2*k = k - 4*z + 13, -5 = -m*k - z. What is the units digit of k?
1
Let j = 1602 + 1119. What is the hundreds digit of j?
7
Suppose 0 = -4*a - 4*z + 3*z + 3509, 5*z = -3*a + 2653. What is the tens digit of a?
7
Let k be 0*(40/12 - 3). Let f(v) = v**3 - v**2 - 2*v - 1. Let r be f(k). Let s(g) = 25*g**2 - g. What is the units digit of s(r)?
6
Suppose -6*r + 1453 + 2951 = 0. What is the hundreds digit of r?
7
Let p = 22 - 18. Suppose -l = -p*u - 2, 0 = 3*l + l + u + 77. Let w = -16 - l. What is the units digit of w?
2
Suppose 329 = 3*x + 80. Let g be (-2)/(-4)*(-116 - (2 + 0)). Let a = x + g. What is the units digit of a?
4
Suppose 2*g - 566 = 178. What is the tens digit of g?
7
Let a = 27 + -10. Suppose a = -g + 57. What is the tens digit of g?
4
Let k be (-6)/18 - 26/(-6). Suppose 0 = 2*v + 2*b - 28, -v + 6*v - 52 = k*b. What is the units digit of (-36)/(-10) + v/(-20)?
3
Suppose 5*p = 4*p - 4. Let b be (-3)/((6/p)/3). What is the tens digit of (-8)/12 - (-88)/b?
1
Suppose 5*a + 146 = w, 7*a - 9*a + 8 = 0. What is the tens digit of w?
6
Suppose -5*w - 2*s = -5180, 5*s - 10*s + 25 = 0. What is the units digit of w?
4
Suppose 125*b = 129*b - 7272. What is the hundreds digit of b?
8
Let u(t) = 13*t - 22. Let r be u(3). Suppose -2*w = -2*o + 3*w + 19, 4*w + 8 = -2*o. What is the tens digit of 74/o + (r - 13)?
4
Suppose 0 = 6*x + 232 + 134. What is the units digit of -4 - 1/(1*1/x)?
7
Let r = -1694 - -1744. Suppose 4*p - 1 = 11. Suppose -p*t + 4*t = r. What is the tens digit of t?
5
Let y(m) = m**2 - 7*m + 11. Suppose v = -7*t + 4*t + 11, 2*t - 14 = v. Let q be y(t). What is the tens digit of (-6 + q)*(-1178)/95?
6
Let z(n) = -4 + 0 + n**2 + 6 - 2*n**2 - 22*n. What is the units digit of z(-20)?
2
Let p(d) = -d**3 + 28*d**2 + 9*d - 17. What is the units digit of p(28)?
5
What is the hundreds digit of 2/(-2)*698/(-2)?
3
Suppose 5*r + 15 = -c + 5*c, c - 2*r - 3 = 0. Suppose c*o = 3*o + 6. Suppose 0*q = -4*b + o*q + 321, 2*b + 4*q = 144. What is the tens digit of b?
7
Let k(b) = -b**3 - 15*b**2 - 29*b - 3. What is the units digit of k(-16)?
7
Let z = -361 - -635. What is the tens digit of z?
7
Let i(t) be the third derivative of -t**5/60 + 17*t**4/24 + 2*t**3 - 11*t**2. What is the tens digit of i(10)?
8
Suppose -9*j + 8*j + 3*v = -15, 3*v = -2*j - 6. Suppose j*q - 5*r = q + 382, -q + 161 = 5*r. What is the units digit of q?
1
Suppose -3 - 53 = -4*l. Let j = 80 + -48. Let k = j - l. What is the tens digit of k?
1
Let f be ((-336)/40)/(1/(-50)). Suppose 5*i - f = -s + 4*s, -4*s - 84 = -i. What is the units digit of i?
4
Suppose 0*i = 5*i + 105. Let k = i - -82. What is the tens digit of k?
6
Let d be 3 + ((-6)/2 - -2). Suppose 3*r + 0*c - 2*c + 41 = 0, -2*c = -2*r - 30. Let f = d - r. What is the tens digit of f?
1
Let w be (-5 + 5 + 12)*18/(-4). Let z = -5 - w. What is the units digit of z?
9
What is the tens digit of 5472/(-120)*(2 - (-26)/(-3))?
0
Suppose 3*f + 6 = 3*t, 3*t - 8*t + 40 = 5*f. Suppose 0 = 3*g - 3 - f. Suppose 9*w - 7*w = g. What is the units digit of w?
1
Let w = 1068 - 625. What is the hundreds digit of w?
4
Suppose h = -4*a + 40, -105 = -4*h + a + 38. Suppose 114 = 2*w + h. What is the tens digit of w?
3
Let n(y) = -50*y + 1617. What is the hundreds digit of n(0)?
6
Let d(j) = -j**2 + 9*j + 3. Let s = -8 - -17. Let x be d(s). Suppose -39 = -x*t - 0*t. What is the tens digit of t?
1
Let h = 2143 + -980. What is the hundreds digit of h?
1
Let f(a) = -1793*a - 480. What is the thousands digit of f(-3)?
4
Suppose -4*l + 2*l - 2*i - 44 = 0, -3*l = -5*i + 82. Let u = 36 + l. Let w = u - 0. What is the units digit of w?
2
Suppose -5*l + 4 = -206. Suppose r = -0*r + l. What is the tens digit of r?
4
What is the tens digit of 1442/7 - (-3 + (-20)/(-5))?
0
What is the units digit of (434 - -9)/(-3 + 4)?
3
Let i(o) = 7*o**2 - 32*o - 227. What is the hundreds digit of i(22)?
4
Let s = -1673 - -1688. What is the tens digit of s?
1
Let m(o) = -o**2 + 7 + 4*o**2 + 0*o**2 - 14 + 3*o. What is the units digit of m(-6)?
3
Suppose -18*j = -2490 - 66. What is the tens digit of j?
4
Let w(z) = -z**3 - 5*z**2 + 7*z + 1. Let t = -31 - -24. What is the units digit of w(t)?
0
Let f(h) = 377*h + 7. Let j be f(1). Suppose -7*x + j = x. What is the tens digit of x?
4
Let y(r) = 198*r + 106. What is the hundreds digit of y(6)?
2
Let d be (-297)/22*(-8)/(-6). Let n(u) = u**2 + 15*u + 17. What is the units digit of n(d)?
1
Let q(n) be the first derivative of -n**3/3 - 6*n**2 - 7*n + 12. Let g = 0 + -11. What is the units digit of q(g)?
4
Let d(z) = 9*z**2 - 11*z - 27. What is the hundreds digit of d(-5)?
2
